116 + -1?
114088115
In base 2, what is -1110000000 - -110111001110000?
110101011110000
In base 16, what is -2 - 44b653?
-44b655
In base 15, what is -2 + 4992720?
499271d
In base 16, what is 16129660 + -5?
1612965b
In base 8, what is 6344 + -43470?
-35124
In base 2, what is 101 + -11110101010100000?
-11110101010011011
In base 2, what is 0 + 1000000101000111011?
1000000101000111011
In base 5, what is -311 - 122332411?
-122333222
In base 8, what is 27432 + 14577?
44231
In base 10, what is 10 - -2016381?
2016391
In base 6, what is -23312053 - -14?
-23312035
In base 16, what is 3483 + -12e?
3355
In base 15, what is -568e97 + 3a?
-568e5c
In base 14, what is a9c - 792c5?
-78627
In base 3, what is 12212220 + 2012?
12222002
In base 16, what is 9e + 1d8e4?
1d982
In base 15, what is -117d6d - 37?
-117da5
In base 14, what is 4c6039 + 22?
4c605b
In base 11, what is -9 + -a24683?
-a24691
In base 16, what is -2db9 + -17c?
-2f35
In base 3, what is 220210210211001 - 122?
220210210210102
In base 15, what is 179 - -7635?
77ae
In base 10, what is 6781464 - -91?
6781555
In base 5, what is 1132220 - -131111?
1313331
In base 5, what is 20211 - -10304431?
10330142
In base 10, what is -6 - -13540597?
13540591
In base 14, what is 3 - 362097?
-362094
In base 8, what is 3604 - 10224?
-4420
In base 6, what is -5 - -1415523510?
1415523501
In base 4, what is -3321210202001 + 11?
-3321210201330
In base 3, what is 2021022012000 + 10?
2021022012010
In base 12, what is 1 + -bb07630?
-bb0762b
In base 15, what is 12529 - -29c?
127c6
In base 16, what is 200 + 3171?
3371
In base 3, what is 0 + -1020221201121222?
-1020221201121222
In base 12, what is -315 + -b29b?
-b5b4
In base 15, what is 1635ad + -6?
1635a7
In base 14, what is -9 + -233c967?
-233c972
In base 10, what is 1015455 - -8?
1015463
In base 8, what is 3460567 - 136?
3460431
In base 12, what is -5 + 971406?
971401
In base 15, what is b6bd8c1 - 2?
b6bd8be
In base 13, what is 12b8568 + -1?
12b8567
In base 7, what is -140 - 122603440?
-122603610
In base 9, what is -1238225 - -5?
-1238220
In base 13, what is 331 + 12a22?
13053
In base 16, what is 1047c + aaf?
10f2b
In base 9, what is -4161412 - 55?
-4161467
In base 14, what is 841ad - a4?
84109
In base 11, what is -14640 - -53a?
-14101
In base 4, what is -10003333100 + 33?
-10003333001
In base 5, what is 112 + -320422014?
-320421402
In base 13, what is -6c2 - -1a8?
-517
In base 4, what is 10210322 + 311?
10211233
In base 15, what is -118eedd - 3?
-118eee1
In base 12, what is -2645b84 + 7?
-2645b79
In base 12, what is b798bb + -1?
b798ba
In base 16, what is 67b - -23d7?
2a52
In base 10, what is -3627 + 41210?
37583
In base 2, what is 1111011011011110 + -1010001110?
1111010001010000
In base 14, what is -54998 - -2a6?
-546d2
In base 4, what is 21302 - -2221220?
2303122
In base 5, what is 3233 + 2203313?
2212101
In base 4, what is 3333311103023 + 10?
3333311103033
In base 3, what is -2201120210 + 1000?
-2201112210
In base 8, what is -2274 - 611673?
-614167
In base 5, what is -2132 - -21440000?
21432313
In base 12, what is 44315586 + 0?
44315586
In base 3, what is 1221111101210222110 + -11?
1221111101210222022
In base 8, what is 30244121 + 26?
30244147
In base 11, what is -1659 + -1314?
-2972
In base 7, what is 51113266 - -1?
51113300
In base 2, what is -1010011000111001010000 - -1001001?
-1010011000111000000111
In base 14, what is dca + 3b04?
4ad0
In base 8, what is 33 + -3552730?
-3552675
In base 8, what is 615202 + 0?
615202
In base 9, what is 246 - -28323?
28570
In base 4, what is 1323 + 2003323332?
2003331321
In base 10, what is 5 + 55676858?
55676863
In base 5, what is -104 - -12343012?
12342403
In base 8, what is -12620 + -66613?
-101433
In base 13, what is -304b9 - 35?
-30521
In base 8, what is 205 + 23763?
24170
In base 6, what is 1312 + 10421501?
10423213
In base 12, what is -15594 - -1313?
-14281
In base 6, what is 4441420 - -12032?
4453452
In base 8, what is -43 + -25475?
-25540
In base 13, what is 1 - -2363a04?
2363a05
In base 6, what is -10340033125 + 0?
-10340033125
In base 3, what is 210121000 + -1012220222?
-102022222
In base 16, what is -429a - -b236?
6f9c
In base 12, what is -2873130 + 21?
-287310b
In base 7, what is 5 + -64621400?
-64621362
In base 14, what is -1411 - -909?
-906
In base 7, what is 2 - -154302113?
154302115
In base 6, what is 110020550 - -1?
110020551
In base 10, what is 3018 - -21822?
24840
In base 15, what is -c35c2b + -1b?
-c35c47
In base 12, what is -7b672 - -a30?
-7a842
In base 10, what is 1267 + 44684?
45951
In base 9, what is 218316 + -56?
218250
In base 9, what is 2 + 21538311?
21538313
In base 12, what is -183a761 - -3?
-183a75a
In base 14, what is 0 - 76b60a3?
-76b60a3
In base 11, what is -5 + 3258a892?
3258a888
In base 10, what is -89981 + -71?
-90052
In base 4, what is 123010 + -132212213?
-132023203
In base 7, what is -3 + 11431624?
11431621
In base 6, what is 134243552 - -4?
134244000
In base 13, what is 1 + -2b0ac766?
-2b0ac765
In base 13, what is 16123329 - 4?
16123325
In base 10, what is 929 - -13478?
14407
In base 16, what is 2 + -125c98?
-125c96
In base 6, what is 4 + 1550203?
1550211
In base 8, what is -120757143 + 2?
-120757141
In base 5, what is 21444 - 411122?
-334123
In base 14, what is -2 + -150d4cd?
-150d4d1
In base 9, what is 166 - 215588?
-215422
In base 5, what is 2333144404 + 10?
2333144414
In base 10, what is -4 + 7664828?
7664824
In base 14, what is 2930 - -256d?
509d
In base 6, what is -10144 - 1043214?
-1053402
In base 7, what is 224 - 4056533?
-4056306
In base 3, what is -211 + 2211221120022201?
2211221120021220
In base 2, what is 1010010110 - 1011101101010101100?
-1011101100000010110
In base 12, what is -1051 - -5b7?
-656
In base 11, what is -1072a9 - 12a?
-107428
In base 15, what is -1db + -1086?
-1272
In base 14, what is 28 + 37a622c?
37a6256
In base 9, what is -1811048 + 47?
-1811001
In base 8, what is 10224 - 670345?
-660121
In base 3, what is 202222112210 - 101210?
202222011000
In base 16, what is 6c6d03 + 2?
6c6d05
In base 2, what is -11100101011010 - -1?
-11100101011001
In base 8, what is -3746 - 42057?
-46025
In base 6, what is 4 - -14505025?
14505033
In base 13, what is -24c0966 - -3?
-24c0963
In base 12, what is 29b262 + -9?
29b255
In base 7, what is -2401323 + 1464?
-2366526
In base 7, what is 561 + -160146?
-156255
In base 12, what is -39 - -714a6?
71469
In base 2, what is -100111001 - -101110001000?
101001001111
In base 14, what is -456521 + d?
-456512
In base 7, what is -21 + 1653625?
1653604
In base 5, what is -400441122 - 421?
-400442043
In base 6, what is 4420322 + -245?
4420033
In base 6, what is -15 + 30311010?
30310551
In base 13, what is -1591004 + 2b?
-1590ca6
In base 15, what is 1c344 + e?
1c353
In base 3, what is -222110 - 1122000222222?
-1122001222102
In base 9, what is -211 - -68536?
68325
In base 7, what is -103621 + -310?
-104231
In base 6, what is 2113243002 - 0?
2113243002
In base 4, what is 110 - -211203311?
211210021
In base 2, what is -10010101101001110011000101011 - -100?
-10010101101001110011000100111
In base 7, what is -6425 + 4462?
-1633
In base 15, what is 77 + 1c641?
1c6b8
In base 11, what is 7a2103 + 8?
7a2110
In base 4, what is 2203100012030 + -1?
2203100012023
In base 2, what is 111100111000 + -1000100000000000100?
-1000011000011001100
In base 3, what is 1210202 - 1012101102110?
-1012022121201
In base 15, what is -60616 - -114e?
-5e4b7
In base 14, what is 103 - 402ad?
-401aa
In base 4, what is -113002 + -3101?
-122103
In base 12, what is 454905 + 170?
454a75
In base 11, what is -45 - -419a6?
41961
In base 7, what is -2042 + -15201201?
-15203243
In base 3, what is -2011120012 - -1102101110?
-202011202
In base 8, what is -1034057245 - 4?
-1034057251
In base 5, what is 33104 + 20320?
103424
In base 2, what is -1010 - 1001101100100100011100?
-1001101100100100100110
In base 12, what is -2265082 + -1?
-2265083
In base 16, what is 4cf65d + -8f?
4cf5ce
In base 5, what is 1310102441213 - 4?
1310102441204
In base 15, what is 75 - -35138?
351ad
In base 5, what is 312 - 434020041?
-434014224
In base 8, what is 4255372 - -40?
4255432
In base 3, what is -10 - -1211011001110111?
1211011001110101
In base 10, what is -6396032 + -5?
-6396037
In base 15, what is 0 - 1d57d27?
-1d57d27